
7, 67, 73
List the prime factors of 15380442.
2, 3, 7, 11, 137
List the prime factors of 5473959.
3, 139, 13127
List the prime factors of 3328077.
3, 23, 139, 347
What are the prime factors of 2365517?
7, 11, 31, 991
List the prime factors of 2689863.
3, 11, 37, 2203
What are the prime factors of 678121?
71, 9551
List the prime factors of 2635627.
61, 43207
List the prime factors of 1185899.
11, 13, 8293
List the prime factors of 336434.
2, 7, 3433
List the prime factors of 797252.
2, 199313
List the prime factors of 313545.
3, 5, 20903
What are the prime factors of 648506?
2, 47, 6899
What are the prime factors of 34601902?
2, 17, 1017703
List the prime factors of 1540592.
2, 73, 1319
What are the prime factors of 158605?
5, 31721
List the prime factors of 1898632.
2, 19, 12491
List the prime factors of 20394470.
2, 5, 43, 1103
List the prime factors of 5953375.
5, 97, 491
List the prime factors of 4449461.
17, 31, 8443
List the prime factors of 10834150.
2, 5, 23, 9421
List the prime factors of 2770590.
2, 3, 5, 92353
What are the prime factors of 1172877?
3, 390959
What are the prime factors of 8299511?
11, 113, 607
What are the prime factors of 516733?
7, 73819
What are the prime factors of 1013948?
2, 13, 17, 31, 37
What are the prime factors of 8259074?
2, 73, 56569
What are the prime factors of 279714?
2, 3, 46619
What are the prime factors of 18088351?
263, 68777
What are the prime factors of 99890?
2, 5, 7, 1427
List the prime factors of 175232.
2, 37
What are the prime factors of 11418162?
2, 3, 7, 271861
List the prime factors of 456174.
2, 3, 25343
List the prime factors of 15023433.
3, 19, 53, 4973
List the prime factors of 698800.
2, 5, 1747
List the prime factors of 5203845.
3, 5, 4283
What are the prime factors of 3855207?
3, 1285069
What are the prime factors of 3968988?
2, 3, 330749
What are the prime factors of 1665715?
5, 79, 4217
List the prime factors of 410093.
410093
List the prime factors of 3042707.
3042707
What are the prime factors of 9345737?
2591, 3607
What are the prime factors of 8604675?
3, 5, 167, 229
What are the prime factors of 267137?
13, 20549
What are the prime factors of 4285778?
2, 7, 107, 2861
List the prime factors of 50410.
2, 5, 71
What are the prime factors of 19020188?
2, 11, 432277
List the prime factors of 1221051.
3, 13, 131, 239
What are the prime factors of 30660486?
2, 3, 17, 300593
What are the prime factors of 4114021?
4114021
List the prime factors of 27221712.
2, 3, 7, 81017
List the prime factors of 362823.
3, 120941
List the prime factors of 3718541.
1879, 1979
List the prime factors of 67356.
2, 3, 1871
List the prime factors of 7116208.
2, 11, 40433
What are the prime factors of 14445648?
2, 3, 7, 17, 281
List the prime factors of 219888.
2, 3, 509
List the prime factors of 351474.
2, 3, 58579
What are the prime factors of 960296?
2, 17, 23, 307
What are the prime factors of 6551977?
149, 43973
What are the prime factors of 912741?
3, 19, 67, 239
What are the prime factors of 7341825?
3, 5, 53, 1847
What are the prime factors of 17491?
17491
What are the prime factors of 3635279?
311, 11689
List the prime factors of 3887616.
2, 3, 2531
What are the prime factors of 748590?
2, 3, 5, 24953
What are the prime factors of 894540?
2, 3, 5, 17, 877
List the prime factors of 833947.
833947
What are the prime factors of 403828?
2, 100957
What are the prime factors of 6422436?
2, 3, 59467
List the prime factors of 5616064.
2, 87751
List the prime factors of 52232.
2, 6529
What are the prime factors of 234065?
5, 13, 277
What are the prime factors of 110486?
2, 55243
List the prime factors of 11920.
2, 5, 149
What are the prime factors of 7817887?
7, 11, 101531
List the prime factors of 3454349.
17, 317, 641
List the prime factors of 1115242.
2, 101, 5521
What are the prime factors of 87061?
13, 37, 181
List the prime factors of 5752530.
2, 3, 5, 7, 23, 397
List the prime factors of 308282.
2, 13, 71, 167
List the prime factors of 41715.
3, 5, 103
What are the prime factors of 770440?
2, 5, 11, 17, 103
What are the prime factors of 1242341?
41, 157, 193
What are the prime factors of 15168061?
19, 798319
What are the prime factors of 773995?
5, 154799
What are the prime factors of 2355363?
3, 261707
List the prime factors of 31721548.
2, 7930387
What are the prime factors of 1663337?
13, 23, 5563
What are the prime factors of 2178165?
3, 5, 11, 43, 307
List the prime factors of 634555.
5, 179, 709
List the prime factors of 492904.
2, 61613
What are the prime factors of 1746516?
2, 3, 145543
What are the prime factors of 1503483?
3, 47, 10663
List the prime factors of 1689608.
2, 127, 1663
What are the prime factors of 305638?
2, 152819
What are the prime factors of 895408?
2, 191, 293
List the prime factors of 348464.
2, 29, 751
List the prime factors of 882270.
2, 3, 5, 9803
What are the prime factors of 277962?
2, 3, 46327
List the prime factors of 511244.
2, 23, 5557
What are the prime factors of 327480?
2, 3, 5, 2729
What are the prime factors of 323770?
2, 5, 32377
What are the prime factors of 126557?
271, 467
List the prime factors of 321633.
3, 13, 2749
What are the prime factors of 179607?
3, 19, 23, 137
What are the prime factors of 6976118?
2, 3488059
What are the prime factors of 2346851?
13, 23, 47, 167
What are the prime factors of 55562?
2, 13, 2137
List the prime factors of 728139.
3, 242713
What are the prime factors of 2126058?
2, 3, 11, 32213
What are the prime factors of 355580?
2, 5, 23, 773
What are the prime factors of 1241833?
17, 4297
List the prime factors of 244040.
2, 5, 6101
List the prime factors of 2874898.
2, 13, 110573
List the prime factors of 584368.
2, 36523
What are the prime factors of 219263?
11, 31, 643
What are the prime factors of 1852407?
3, 205823
List the prime factors of 3465355.
5, 29, 23899
List the prime factors of 1438785.
3, 5, 31973
What are the prime factors of 2609269?
13, 200713
What are the prime factors of 369805?
5, 73961
List the prime factors of 439361.
13, 33797
What are the prime factors of 227583?
3, 8429
List the prime factors of 141270.
2, 3, 5, 17, 277
What are the prime factors of 29580320?
2, 5, 7, 11
What are the prime factors of 10128278?
2, 5064139
What are the prime factors of 261069?
3, 17, 5119
List the prime factors of 4378139.
4378139
What are the prime factors of 1095132?
2, 3, 263, 347
List the prime factors of 2532234.
2, 3, 53, 7963
What are the prime factors of 106922?
2, 193, 277
What are the prime factors of 1087095?
3, 5, 23, 137
List the prime factors of 3820267.
11, 347297
What are the prime factors of 22881301?
19, 1204279
List the prime factors of 73400.
2, 5, 367
List the prime factors of 191508.
2, 3, 15959
What are the prime factors of 1030791?
3, 23, 14939
What are the prime factors of 3848170?
2, 5, 384817
What are the prime factors of 1246105?
5, 7, 35603
What are the prime factors of 29827401?
3, 17, 34403
List the prime factors of 788846.
2, 137, 2879
List the prime factors of 23855272.
2, 7, 425987
What are the prime factors of 64276?
2, 16069
What are the prime factors of 938002?
2, 13, 43, 839
What are the prime factors of 152645?
5, 30529
What are the prime factors of 7007167?
251, 27917
List the prime factors of 218997.
3, 8111
What are the prime factors of 2920624?
2, 7, 89, 293
List the prime factors of 5414322.
2, 3, 463, 1949
What are the prime factors of 6866822?
2, 3433411
What are the prime factors of 13742584?
2, 317, 5419
What are the prime factors of 79570?
2, 5, 73, 109
What are the prime factors of 8355753?
3, 7, 132631
What are the prime factors of 151898?
2, 53, 1433
What are the prime factors of 1997750?
2, 5, 61, 131
List the prime factors of 8710236.
2, 3, 241951
What are the prime factors of 560154?
2, 3, 7, 13337
What are the prime factors of 306984?
2, 3, 12791
List the prime factors of 8146089.
3, 7, 4789
List the prime factors of 2085130.
2, 5, 208513
List the prime factors of 269338.
2, 134669
List the prime factors of 1886400.
2, 3, 5, 131
What are the prime factors of 4176232?
2, 29, 47, 383
What are the prime factors of 189697?
189697
What are the prime factors of 1290266?
2, 17, 137, 277
List the prime factors of 1286774.
2, 173, 3719
What are the prime factors o